 - 13*w - 11. Calculate the remainder when i(s) is divided by 9.
7
Suppose -f = 5*f - f. Suppose f*h = -5*h + 4*p + 309, 0 = 4*h - 3*p - 248. What is the remainder when h is divided by 4/14 + 117/7?
14
Let s = 407 - 254. What is the remainder when s is divided by 110?
43
Suppose n + 114 = 4*n. Let l(r) = -r**3 + 13*r**2 - 121*r + 1586. Calculate the remainder when n is divided by l(13).
12
Suppose 6*z - 21*z + 10170 = 0. Let w = z - 651. Calculate the remainder when 348 is divided by w.
24
Suppose -i + 907 = 2*m, 4*m = 3*i + 95 + 1744. Calculate the remainder when m is divided by 85.
31
Suppose 4 = u - 2*p - 0, -5*p = -5*u + 40. Suppose 1840 = u*v + 580. Calculate the remainder when v is divided by 31.
12
Suppose 0 = 5*z - 7*z + 26. Let o(f) = -f**2 + 56 + 0*f**2 - 33 - f**2 + 32*f. Calculate the remainder when o(16) is divided by z.
10
Let p(d) = -d**3 - 6*d**2 + d + 57. Calculate the remainder when p(-9) is divided by 1.
0
Suppose -16*k = -14*k. Let i be 1 - -39 - (k - -4). Suppose 3*h = 90 + i. Calculate the remainder when 81 is divided by h.
39
Let i = -34426 - -34661. Calculate the remainder when i is divided by 97.
41
Let v = -385 - -387. Calculate the remainder when (9/(-2 + 11))/(v/178) is divided by 48.
41
Let w(b) = -b**2 - 32*b + 145. Let y = -1058 + 1067. Calculate the remainder when w(-35) is divided by y.
4
Let k = -121 - -121. Suppose 3*u = -4*g + 85 + 37, -g + u + 34 = k. Calculate the remainder when g is divided by 20.
12
Suppose -868 = -7*j + 2058. Let r = j + -385. What is the remainder when 94 is divided by r?
28
Let s = 25 + -23. Suppose -30 = -2*h - h - 4*l, -s*h + l = -20. What is the remainder when 26 is divided by h?
6
Suppose -58*b = -16*b - 25*b - 136. Suppose 0 = 4*u - 33 - 43. Calculate the remainder when u is divided by b.
3
Let z be 74324/(-442) - (-4)/26. Calculate the remainder when (-4)/(-14) - 11464/z*3 is divided by 9.
7
Let d = -16 - -22. Suppose 3*y - 50 = o, 5*y = -d*o + 4*o + 98. Suppose 6 = 3*u, -j - u + 4 = -y. What is the remainder when j is divided by 10?
0
What is the remainder when ((1 - 2) + 3)*(-3 - (-511)/14) is divided by 47?
20
Let i(b) = -24*b**3 - 2*b**2 - 2*b - 2. Let m be i(-1). Let k = m - 104. Let h = -74 - k. Calculate the remainder when 33 is divided by h.
1
What is the remainder when (3398/2)/(-30 - -31) is divided by 4?
3
Suppose 7472 = 16*q + 2200 - 2904. What is the remainder when q is divided by 132?
115
Suppose 2*z = -1185*d + 1182*d + 1158, -z + 593 = 5*d. Calculate the remainder when z is divided by 53.
43
Let m(l) = -l + 14. Let g be (-1 - -3)/((-3)/18). Calculate the remainder when 70 is divided by m(g).
18
Calculate the remainder when 3*4 - (-169 - -28) is divided by 26.
23
Let s(a) = 12 - 1733*a + 5192*a - 1728*a - 1736*a. Suppose 2*m + 8 = -b, b = 4*b + 5*m + 22. What is the remainder when 62 is divided by s(b)?
30
Suppose -3*t + 4 = p, -4*t + p + 5 = -5. Suppose -t*x + 191 = 47. Suppose 2*b - x = 32. Calculate the remainder when b is divided by 18.
16
Let x(v) = -13*v + 1. Let f(n) = -2*n + 44. What is the remainder when x(-9) is divided by f(7)?
28
Let j = -4 - 2. Let a be (-9)/j*24/9. Suppose -z - 1 = 0, s - 3*z + 72 = a*s. Calculate the remainder when 43 is divided by s.
18
Suppose -30*n + 531 = -58*n + 8091. Calculate the remainder when 286 is divided by n.
16
Let a = -17322 - -17614. Calculate the remainder when a is divided by 28.
12
Let m = 12 + -3. Calculate the remainder when (-106)/((-15)/(-105)*-14) is divided by m.
8
Suppose -88*q + 2232 + 165 = -1827. What is the remainder when 189 is divided by q?
45
What is the remainder when 29 is divided by (-20)/((-600)/(-42)) + 156/15?
2
Suppose 2*k + 24 = 36. Let u(o) = -7*o + 10. Let x be u(7). What is the remainder when 42 is divided by (5 - x)*(-2 - (-15)/k)?
20
Let h(z) = -z**3 + 66*z**2 - 125*z - 159. Calculate the remainder when 121 is divided by h(64).
22
Let n = 684 - 682. What is the remainder when n/(18/(-621))*-3 is divided by 5?
2
Let i(s) = -s**3 + 33*s**2 - 112*s + 6. What is the remainder when 8722/35 + 2/(-10) is divided by i(29)?
5
Suppose 172 = 2*z + 2*d, 887*z - 884*z - 5*d - 250 = 0. Calculate the remainder when 2801 is divided by z.
81
Suppose -458 = -3*t + 5*p, -3*p - 2*p = -t + 136. Calculate the remainder when 312 is divided by t.
151
Let i = 82 + -57. Suppose -j + 2*z = -44, z = j - 4*z - 41. What is the remainder when 4 - (-6 - -10 - j) is divided by i?
21
Let g be 1*(-1)/(-7) + 23820/(-140). Calculate the remainder when g/(-5 + 3 - 0) is divided by 29.
27
Let s(t) = -4*t + 1 - 9*t + 11*t + t**2. Suppose 1 = 3*a - 14. Calculate the remainder when s(-2) is divided by a.
4
Let f(q) = 138*q + 6496. What is the remainder when f(-37) is divided by 20?
10
Suppose -q = 2*s - 43, s + 13*q = 8*q + 26. What is the remainder when 487 is divided by s?
4
Let g(l) = 40*l**3 - 39*l**2 + 7*l - 7. Let i be g(4). Let j = -1798 + i. Calculate the remainder when j is divided by 4/(-10) + (-404)/(-10).
39
Let z(q) = q**3 + 9*q**2 + 9*q + 11. Let i = -43 + 35. Let w be z(i). Let v(c) = 2*c**3 - 3*c**2 - 2*c - 4. Calculate the remainder when v(w) is divided by 10.
7
Let y(q) = -3*q + 82. Let l(x) = -3*x + 81. Let r(c) = -2*l(c) + 3*y(c). Calculate the remainder when 64 is divided by r(15).
25
Suppose 0 = -5*p + 32 - 12, 24 = -5*f - 4*p. Let u(g) be the second derivative of -g**3/3 + 33*g**2/2 + 11*g. What is the remainder when u(f) is divided by 5?
4
Let o(x) = 2*x**2 + 21*x - 11. Let q be o(-11). Suppose 2*n + 2*t = -q*n + 102, -5*t = n - 67. Let c = n - 35. Calculate the remainder when 58 is divided by c.
10
Suppose 6*g = 11*g + 35. Let c(n) = 4*n**2 + 7*n + 3. Calculate the remainder when c(g) is divided by 78.
72
Let k = 188 + -457. Let r = -101 - k. Calculate the remainder when r is divided by 35.
28
Let u = -45 - -235. Suppose -30*k + 133 = -23*k. Suppose -k - u = -d. What is the remainder when d is divided by 14?
13
Suppose 2*v = v + 4. Let s be v - (-2 + 2) - 25. Let x = 61 + s. What is the remainder when x is divided by 7?
5
Let y = 131 - 99. What is the remainder when 796 is divided by y?
28
Let x = -2096 + 2152. Calculate the remainder when 231 is divided by x.
7
Suppose -11*p = -14*p + 4*n + 1294, 2178 = 5*p + 4*n. What is the remainder when p is divided by 117?
83
Let r = 921 - -98. Calculate the remainder when r is divided by 63.
11
Suppose 99*z + 1170 = 108*z. Suppose 15 = -27*x + 312. What is the remainder when z is divided by x?
9
Let k = -671 - -209. Let q = k - -517. Calculate the remainder when 62 is divided by q.
7
Let q(w) = -w**3 + 19*w**2 - 15*w - 60. Let a be q(18). Let n(y) = -y**3 + y**2 + 3*y + 3. What is the remainder when n(-2) is divided by 1 + 0 - (4 + -3 + a)?
3
Suppose 0 = 11*q - 39*q + 112. Suppose -o = -q*w - 44, -8*o + 9*o - 5*w = 43. Calculate the remainder when 958 is divided by o.
46
Suppose 4*j - 8*a - 29 = 35, 4*a = -5*j + 10. Suppose 3*l - l = 72. What is the remainder when l is divided by j?
0
Let a(x) = -x - 3. Let q be a(-3). Suppose -5*u + 6 = h + 2*h, q = -3*u - 3*h + 6. Suppose 0 = -d - u + 1. What is the remainder when 3 is divided by d?
0
Suppose 193*y + 48*y - 985 - 220 = 0. Calculate the remainder when 2591 is divided by y.
1
Suppose 9924 - 4932 = 8*j. What is the remainder when 1254 is divided by j?
6
Let i(k) = -k**2 + 12*k + 18. Calculate the remainder when 10059 is divided by i(0).
15
Suppose 0 = -u + j, 3*u + 3*j - 5*j = -2. What is the remainder when 255 is divided by (u*83)/((-2)/(-8)*-8)?
6
Suppose 0 = -0*y + 5*y - 50. Let v be -2*(-5)/y - -2. Suppose -v*a - 40 = -5*a. What is the remainder when 137 is divided by a?
17
Let m(v) = -4 - 16 - 2 - 6*v + v. Let u be (-232)/32 - 6 - (-1)/4. What is the remainder when m(u) is divided by 16?
11
Calculate the remainder when 1643 is divided by (190/(-152))/(20/(-976)).
57
Let n = -152 - -382. Suppose d - 42 - 12 = m, -3*m + n = 5*d. Calculate the remainder when d is divided by 10.
9
Suppose 50 = 5*h + 10. Let o be (6/(-8))/((-3)/h). Let g = 21 + o. Calculate the remainder when 67 is divided by g.
21
Calculate the remainder when 300 is divided by 28/(-2) - (-135 - -26).
15
Suppose 0 = -4*h - 121 + 21. Let t = -18 - h. What is the remainder when (((-96)/(-40))/4)/((-9)/(-510)) is divided by t?
6
Let s be (4 - -11